{"id":7,"date":"2020-02-06T17:22:04","date_gmt":"2020-02-06T20:22:04","guid":{"rendered":"http:\/\/revistacolegio.com\/?page_id=2"},"modified":"2026-03-19T15:31:36","modified_gmt":"2026-03-19T18:31:36","slug":"portada","status":"publish","type":"page","link":"https:\/\/revistacolegio.undertest.itsmos.com\/andrea\/","title":{"rendered":"Portada"},"content":{"rendered":"\n<div class=\"wp-block-group alignwide is-layout-constrained wp-block-group-is-layout-constrained\">\n<div class=\"wp-block-group is-vertical is-content-justification-center is-layout-flex wp-container-core-group-is-layout-ce155fab wp-block-group-is-layout-flex\">\n<div class=\"wp-block-query is-layout-flow wp-block-query-is-layout-flow\"><ul class=\"wp-block-post-template is-layout-flow wp-block-post-template-is-layout-flow\"><li class=\"wp-block-post post-12011 post type-post status-publish format-standard has-post-thumbnail hentry category-colombia category-internacional category-sin-categoria\">\n<h2 class=\"wp-block-post-title\"><a href=\"https:\/\/revistacolegio.undertest.itsmos.com\/andrea\/2026\/02\/11\/explorando-metodologias-que-estan-revolucionando-la-educacion\/\" target=\"_self\" >Explorando metodolog\u00edas que est\u00e1n revolucionando la educaci\u00f3n<\/a><\/h2>\n\n<figure class=\"alignwide wp-block-post-featured-image\"><a href=\"https:\/\/revistacolegio.undertest.itsmos.com\/andrea\/2026\/02\/11\/explorando-metodologias-que-estan-revolucionando-la-educacion\/\" target=\"_self\"  ><img loading=\"lazy\" decoding=\"async\" width=\"2048\" height=\"1365\" src=\"https:\/\/revistacolegio.undertest.itsmos.com\/andrea\/wp-content\/uploads\/sites\/2\/2026\/03\/ON-THE-ROAD_@cbarteph-21-2048x1365-1.jpg\" class=\"attachment-post-thumbnail size-post-thumbnail wp-post-image\" alt=\"Explorando metodolog\u00edas que est\u00e1n revolucionando la educaci\u00f3n\" style=\"object-fit:cover;\" srcset=\"https:\/\/revistacolegio.undertest.itsmos.com\/andrea\/wp-content\/uploads\/sites\/2\/2026\/03\/ON-THE-ROAD_@cbarteph-21-2048x1365-1.jpg 2048w, https:\/\/revistacolegio.undertest.itsmos.com\/andrea\/wp-content\/uploads\/sites\/2\/2026\/03\/ON-THE-ROAD_@cbarteph-21-2048x1365-1-300x200.jpg 300w, https:\/\/revistacolegio.undertest.itsmos.com\/andrea\/wp-content\/uploads\/sites\/2\/2026\/03\/ON-THE-ROAD_@cbarteph-21-2048x1365-1-1024x683.jpg 1024w, https:\/\/revistacolegio.undertest.itsmos.com\/andrea\/wp-content\/uploads\/sites\/2\/2026\/03\/ON-THE-ROAD_@cbarteph-21-2048x1365-1-768x512.jpg 768w, https:\/\/revistacolegio.undertest.itsmos.com\/andrea\/wp-content\/uploads\/sites\/2\/2026\/03\/ON-THE-ROAD_@cbarteph-21-2048x1365-1-1536x1024.jpg 1536w\" sizes=\"auto, (max-width: 2048px) 100vw, 2048px\" \/><\/a><\/figure>\n\n<div class=\"wp-block-post-excerpt\"><p class=\"wp-block-post-excerpt__excerpt\">En medio de un mundo en constante transformaci\u00f3n, donde los retos de la educaci\u00f3n contempor\u00e1nea exigen nuevas formas de pensar [&hellip;] <\/p><\/div>\n\n\n<hr class=\"wp-block-separator has-css-opacity\"\/>\n\n\n<div class=\"wp-block-post-date\"><time datetime=\"2026-02-11T12:10:10-03:00\">11\/02\/2026<\/time><\/div>\n<\/li><li class=\"wp-block-post post-11923 post type-post status-publish format-standard has-post-thumbnail hentry category-editoriales category-nota-de-tapa category-opinion\">\n<h2 class=\"wp-block-post-title\"><a href=\"https:\/\/revistacolegio.undertest.itsmos.com\/andrea\/2025\/12\/19\/editorial-caminante-no-hay-camino-se-hace-camino-al-andar\/\" target=\"_self\" >Editorial: \u00abCaminante no hay camino, se hace camino al andar\u00bb<\/a><\/h2>\n\n<figure class=\"alignwide wp-block-post-featured-image\"><a href=\"https:\/\/revistacolegio.undertest.itsmos.com\/andrea\/2025\/12\/19\/editorial-caminante-no-hay-camino-se-hace-camino-al-andar\/\" target=\"_self\"  ><img loading=\"lazy\" decoding=\"async\" width=\"960\" height=\"800\" src=\"https:\/\/revistacolegio.undertest.itsmos.com\/andrea\/wp-content\/uploads\/sites\/2\/2025\/12\/AUTORIDADES-1.jpeg\" class=\"attachment-post-thumbnail size-post-thumbnail wp-post-image\" alt=\"Editorial: \u00abCaminante no hay camino, se hace camino al andar\u00bb\" style=\"object-fit:cover;\" srcset=\"https:\/\/revistacolegio.undertest.itsmos.com\/andrea\/wp-content\/uploads\/sites\/2\/2025\/12\/AUTORIDADES-1.jpeg 960w, https:\/\/revistacolegio.undertest.itsmos.com\/andrea\/wp-content\/uploads\/sites\/2\/2025\/12\/AUTORIDADES-1-300x250.jpeg 300w, https:\/\/revistacolegio.undertest.itsmos.com\/andrea\/wp-content\/uploads\/sites\/2\/2025\/12\/AUTORIDADES-1-768x640.jpeg 768w\" sizes=\"auto, (max-width: 960px) 100vw, 960px\" \/><\/a><\/figure>\n\n<div class=\"wp-block-post-excerpt\"><p class=\"wp-block-post-excerpt__excerpt\">Me detengo en los versos de \u201cCantares\u201d, del poeta espa\u00f1ol Antonio Machado, que todos quiz\u00e1s recordamos en la incomparable voz [&hellip;] <\/p><\/div>\n\n\n<hr class=\"wp-block-separator has-css-opacity\"\/>\n\n\n<div class=\"wp-block-post-date\"><time datetime=\"2025-12-19T15:18:48-03:00\">19\/12\/2025<\/time><\/div>\n<\/li><\/ul><\/div>\n<\/div>\n<\/div>\n","protected":false},"excerpt":{"rendered":"","protected":false},"author":1,"featured_media":0,"parent":0,"menu_order":0,"comment_status":"closed","ping_status":"closed","template":"","meta":{"site-sidebar-layout":"default","site-content-layout":"","ast-site-content-layout":"default","site-content-style":"default","site-sidebar-style":"default","ast-global-header-display":"","ast-banner-title-visibility":"disabled","ast-main-header-display":"","ast-hfb-above-header-display":"","ast-hfb-below-header-display":"","ast-hfb-mobile-header-display":"","site-post-title":"","ast-breadcrumbs-content":"","ast-featured-img":"","footer-sml-layout":"","ast-disable-related-posts":"","theme-transparent-header-meta":"","adv-header-id-meta":"","stick-header-meta":"","header-above-stick-meta":"","header-main-stick-meta":"","header-below-stick-meta":"","astra-migrate-meta-layouts":"default","ast-page-background-enabled":"default","ast-page-background-meta":{"desktop":{"background-color":"var(--ast-global-color-5)","background-image":"","background-repeat":"repeat","background-position":"center center","background-size":"auto","background-attachment":"scroll","background-type":"","background-media":"","overlay-type":"","overlay-color":"","overlay-opacity":"","overlay-gradient":""},"tablet":{"background-color":"","background-image":"","background-repeat":"repeat","background-position":"center center","background-size":"auto","background-attachment":"scroll","background-type":"","background-media":"","overlay-type":"","overlay-color":"","overlay-opacity":"","overlay-gradient":""},"mobile":{"background-color":"","background-image":"","background-repeat":"repeat","background-position":"center center","background-size":"auto","background-attachment":"scroll","background-type":"","background-media":"","overlay-type":"","overlay-color":"","overlay-opacity":"","overlay-gradient":""}},"ast-content-background-meta":{"desktop":{"background-color":"var(--ast-global-color-4)","background-image":"","background-repeat":"repeat","background-position":"center center","background-size":"auto","background-attachment":"scroll","background-type":"","background-media":"","overlay-type":"","overlay-color":"","overlay-opacity":"","overlay-gradient":""},"tablet":{"background-color":"var(--ast-global-color-4)","background-image":"","background-repeat":"repeat","background-position":"center center","background-size":"auto","background-attachment":"scroll","background-type":"","background-media":"","overlay-type":"","overlay-color":"","overlay-opacity":"","overlay-gradient":""},"mobile":{"background-color":"var(--ast-global-color-4)","background-image":"","background-repeat":"repeat","background-position":"center center","background-size":"auto","background-attachment":"scroll","background-type":"","background-media":"","overlay-type":"","overlay-color":"","overlay-opacity":"","overlay-gradient":""}},"footnotes":""},"class_list":["post-7","page","type-page","status-publish","hentry"],"_links":{"self":[{"href":"https:\/\/revistacolegio.undertest.itsmos.com\/andrea\/wp-json\/wp\/v2\/pages\/7","targetHints":{"allow":["GET"]}}],"collection":[{"href":"https:\/\/revistacolegio.undertest.itsmos.com\/andrea\/wp-json\/wp\/v2\/pages"}],"about":[{"href":"https:\/\/revistacolegio.undertest.itsmos.com\/andrea\/wp-json\/wp\/v2\/types\/page"}],"author":[{"embeddable":true,"href":"https:\/\/revistacolegio.undertest.itsmos.com\/andrea\/wp-json\/wp\/v2\/users\/1"}],"replies":[{"embeddable":true,"href":"https:\/\/revistacolegio.undertest.itsmos.com\/andrea\/wp-json\/wp\/v2\/comments?post=7"}],"version-history":[{"count":3,"href":"https:\/\/revistacolegio.undertest.itsmos.com\/andrea\/wp-json\/wp\/v2\/pages\/7\/revisions"}],"predecessor-version":[{"id":12111,"href":"https:\/\/revistacolegio.undertest.itsmos.com\/andrea\/wp-json\/wp\/v2\/pages\/7\/revisions\/12111"}],"wp:attachment":[{"href":"https:\/\/revistacolegio.undertest.itsmos.com\/andrea\/wp-json\/wp\/v2\/media?parent=7"}],"curies":[{"name":"wp","href":"https:\/\/api.w.org\/{rel}","templated":true}]}}